ne n(v).
-29
Let g = 23 + -24. Let i(h) = 5*h + 1. Suppose -2*y + 9 = y. Let x(m) = -9*m - 2. Let p(z) = y*x(z) + 5*i(z). Determine p(g).
1
Let k be (-4)/10 - 231/(-15). Suppose 4*r + r = k. Let y(x) = 1 - 1 - r + 4 - x**2. Determine y(2).
-3
Let q(j) = j**3 - 5*j**2 + 5*j - 3. Let u(g) = -g**2 + 4*g + 1. Let o be u(3). What is q(o)?
1
Let t(k) = -k**2 + 5*k + 5. Let m(p) = p**3 - 3*p**2 - 3*p - 2. Let u be m(4). Suppose -4*v + u*s = s - 19, 0 = -v + 2*s + 3. Give t(v).
5
Let c(l) be the first derivative of 8*l**3/3 - l**2/2 - 1. Let p(w) = -w**2 - 4*w + 1. Let k be p(-4). Calculate c(k).
7
Let l(i) = -i**3 - i**2 - i - 1. Let d be l(-2). Let x(c) = 10*c**2 + 12*c - 16. Let g(m) = 7*m**2 + 8*m - 11. Let y(p) = d*x(p) - 7*g(p). Calculate y(-5).
2
Let b(j) = -j**2 - j. Let z(d) = -4*d**3 - 2*d**2 - 2*d. Let g(w) = -b(w) + z(w). What is g(-1)?
4
Let s(f) = -f**2 - 5*f + 2. Let x be 2*(0 + -1) - -8. Let m = x + -2. Suppose -4*n - 3*c - 20 = 0, m*c - 4 = n + 1. Determine s(n).
2
Let s(p) be the first derivative of p**3/3 - 7*p**2/2 + 2*p + 3. What is s(6)?
-4
Let z(q) = -1. Let u(y) = -7*y - 3. Let c be (-1)/(-2)*4/(-2). Let i(b) = c*u(b) + 4*z(b). Determine i(1).
6
Suppose -p + 6*p = -5. Let b(v) = 2*v**2 - v - 1. Let q be b(p). Let h(u) = 3 - q + 5*u - 2*u. What is h(3)?
10
Let g(q) = q. Let s(p) = -4*p. Let f(n) = -6*g(n) + s(n). Give f(1).
-10
Let f = 2 - 2. Let s be f - 2 - (-1)/(-1). Let t(r) = 2*r + 3. Let p(d) = -3*d - 5. Let v(a) = -3*p(a) - 5*t(a). Determine v(s).
3
Let r(m) = -40 + m**2 + 9*m + 92 - 43. Determine r(-6).
-9
Let z(o) = -2*o**3 + o + 1. Suppose -3*a - 12 = -0*a. Let q(s) = -s**2 - 5*s - 2. Let r be q(a). Calculate z(r).
-13
Let n(x) = 3*x**2 - 5*x + 2. Let k(w) = -4*w**2 + 5*w - 2. Let a(i) = 4*k(i) + 5*n(i). Calculate a(-6).
-4
Suppose 0 = -2*r - 3 + 7. Let s(i) = -r*i - 3*i**2 - 1 + 3*i**2 - i**2. Let n(d) = d - 2. Let q be n(1). Calculate s(q).
0
Let c(y) be the first derivative of -y**2/2 - 12*y - 2. Suppose 2*o = 3 - 21. Let z be c(o). Let n(f) = 2*f - 2. What is n(z)?
-8
Let y(k) = k**2 - 2*k. Suppose 0 = -m + 4*m - 30. Suppose -3*f + 15 + 26 = -4*o, 3*o = -3*f + 6. Let c = m - f. Calculate y(c).
3
Let g(a) = a**2 - 4*a + 2. Let j be g(3). Let m(h) = -h**2 - 2*h. Let o(v) = 1. Let n(b) = j*m(b) + 3*o(b). Determine n(-2).
3
Let x(j) = j**2 - 8*j + 2. Let z(t) = -t**2 + t - 1. Suppose -4*n + 2*n - 2*i - 18 = 0, 0 = -4*i - 20. Let g(k) = n*z(k) - x(k). Give g(-2).
6
Let j(r) = -3*r**2 - 2 + 5*r + 9 + 4*r**2. Give j(-5).
7
Let q(h) = -15*h**2 - 3*h - 7. Let f(v) = 22*v**2 + 5*v + 11. Let d(u) = u**3 + 5*u**2 + 2*u. Let o be d(-4). Let p(a) = o*q(a) + 5*f(a). Give p(1).
-10
Let c(d) be the first derivative of d**4 + d**3/3 - d**2 + d - 33. Calculate c(1).
4
Let d(x) be the second derivative of -x**3/6 + 3*x**2/2 - x. Determine d(1).
2
Let t(a) be the third derivative of a**5/60 - a**4/6 - 5*a**3/6 + 4*a**2. Determine t(5).
0
Let x(f) = -f**2 + f**3 + 4*f - 5*f - 2 + 0*f**2 + 6. Calculate x(3).
19
Let w(l) = -7*l - 5. Let g(i) = -4*i - 3. Let h(c) = -5*g(c) + 3*w(c). Suppose 5*t - 4*y + 27 - 7 = 0, -2*y = 5*t - 10. Give h(t).
0
Suppose -5*l + w = 44, 2*l = -2*l - w - 28. Let n = -6 - l. Let d(p) = p + p**2 + 2 + 1 + n + 0*p. Determine d(0).
5
Let k(f) be the third derivative of -f**8/20160 - f**7/1260 + f**6/360 + f**5/30 + f**2. Let l(a) be the third derivative of k(a). Calculate l(-5).
-3
Let w(c) = c - 1. Let d(l) = 3*l**2 + 2*l - 2. Let x be d(-2). Determine w(x).
5
Let o(s) be the second derivative of -17*s**5/120 + 4*s**3/3 + 2*s. Let q(l) be the second derivative of o(l). Give q(-1).
17
Suppose 0 = -4*f + t + 12, 6*t - 5*t = -2*f + 12. Let d(h) = -3*h - 2 + 3*h - f*h**3 + 3*h**2 + 3*h**3. Determine d(2).
2
Let g = 67 + -8. Suppose a = -5*i - a - g, 3*a + 17 = -i. Let y(k) = k**2 + 10*k - 11. Let l be y(i). Let z(b) = -b + 2. Give z(l).
2
Let s(g) = g**3 - 3*g**2 + 4. Suppose -4*p - 5*n = -17, -2*p - 3*n = 2*p - 15. Calculate s(p).
4
Let a be (-5 + 5)/(-3*1). Let m be 66/14 - 2/(-7). Let z(n) = 8 + n - m + a*n. Give z(0).
3
Let f be (-228)/54 - (-2)/9. Let c(a) = a**2 + 3*a + 4. Calculate c(f).
8
Let o be 3/12 - (-115)/20. Let y(w) = w**3 - 7*w**2 + 6*w - 8. Give y(o).
-8
Let o(g) be the second derivative of -3/2*g**2 - 6*g + 0 - 1/6*g**4 + 1/3*g**3 - 1/20*g**5. Give o(-3).
0
Let c(l) = -l**2 + 2*l - 3. Let b(d) = -2*d**2 + 3*d - 6. Let n(j) = 3*b(j) - 5*c(j). Let u(o) = 6*o + 17. Let k be u(-5). Let t = -13 - k. Calculate n(t).
-3
Let y(u) = 7 + 0 + u - 6 + 1. Calculate y(-1).
1
Let c = -165 + 162. Let v(r) = 2*r + 0*r**3 + 3 - r**3 - 5*r**2 - 5*r. Determine v(c).
-6
Let f(h) be the third derivative of h**6/20 + h**4/24 + h**3/6 - 3*h**2. Give f(-1).
-6
Suppose -3*h + 2*h = -4*z - 11, 19 = -5*z - 4*h. Let i = z - 1. Let k(l) = -l**2. Let t(g) = -g**2 + 4*g + 2. Let o(v) = -2*k(v) + t(v). Determine o(i).
2
Suppose -3*b - 6 - 2 = -o, -3*o - 3*b + 24 = 0. Let a(z) = z**3 - 8*z**2 - z + 3. Determine a(o).
-5
Let i(a) = -15*a + 3. Let p(c) = 8*c - 2. Let u(j) = 3*i(j) + 5*p(j). What is u(3)?
-16
Suppose -14 = -r - 7. Let v(u) = 1 - r + 5 + u + 5*u. Give v(1).
5
Let f(t) = t**3 + 7*t**2 + 7*t + 6. Suppose -2*k + k - 6 = 0. What is f(k)?
0
Let s(m) = 3*m - 5*m - 3*m + 4*m. Calculate s(7).
-7
Let k(b) be the third derivative of b**4/24 - b**3/6 - b**2. Calculate k(-2).
-3
Let j = 8 - 8. Suppose -2 = g - j*g. Let d(r) = -4*r - 1. Give d(g).
7
Let j(t) = -5*t**3 + 5*t**2 + 5*t - 3. Let h(s) = -9*s**3 + 10*s**2 + 9*s - 5. Let o(b) = 4*h(b) - 7*j(b). Calculate o(5).
6
Let o(g) = 6*g + g**2 - 5*g**2 + 2*g**2 - g**3 + 1 + 7*g**2. What is o(6)?
1
Let z(j) = 3*j - j + 4*j + 3 + 0*j. What is z(-2)?
-9
Let y(j) be the first derivative of -j**4/4 - 5*j**3/3 - j**2 + 5*j - 8. Calculate y(-4).
-3
Let x be (0 - -1)/(2 - 1). Let p(z) = -16*z + 4. Let g(a) = 18*a - 5. Let i(w) = -5*g(w) - 6*p(w). Determine i(x).
7
Let g be -3 - -1*(-2 - -4). Let c(h) = -9*h - 2. Let x(i) = i + 1. Suppose 2 - 5 = j + z, 5*j = 2*z - 1. Let r(u) = j*c(u) - 3*x(u). What is r(g)?
-7
Let i(w) = w**2 - w + 2. Let z be (-5 + 3)*4/(-2). Suppose 3*x + 15 = 5*v - v, 20 = 2*v - z*x. Let k be (0 - v)/(1/(-1)). Determine i(k).
2
Let x be -1*2*3/((-6)/4). Let b(w) = -w**3 + 5*w**2 - 5*w - 1. Give b(x).
-5
Let g(h) = -14*h**2 + h - 1. Suppose 4*o - 13 = -9. Determine g(o).
-14
Let v(m) = 7*m + 0*m + 0*m - m**2 + 2*m**2 + 4. Suppose 5*d + 66 = -2*a, 5*d - 5*a + 51 = -2*a. Let f = 6 + d. Give v(f).
-2
Let v(y) = 4*y**3 + y**2 + 3*y**2 - 2 + 4*y - 5*y**3. Suppose 5*d - 74 - 26 = 0. Suppose 3*q + 5 = d. What is v(q)?
-7
Let z(t) = -4*t - 5 + 3 + 3*t. Suppose -2*j = d + 2, -4*d - 4*j = -5*d + 16. Determine z(d).
-6
Let f be 2/(-5) - 34/(-10). Let b(a) = a**2 - 3*a - 2. Let y be b(f). Let c(u) = 2*u + 2. What is c(y)?
-2
Let x(y) be the third derivative of 7*y**4/12 - y**3/6 - 2*y**2 + 15. Give x(1).
13
Let k(p) = 2*p**2 - 4*p + 3. Let t(y) = -2*y**2 + 4*y - 4. Let r(h) = -3*k(h) - 2*t(h). Suppose -18*d = -8*d - 30. Give r(d).
-7
Suppose 3*t + 14 = b, 0 = -3*b + 2*t + 3 + 11. Let h(c) = b + 2 - 4 + c. Determine h(5).
5
Let f(u) = 2*u + 1. Suppose 2*l = 5*k, 0*l - 5*l + 5*k = 0. Let g = l - -2. Give f(g).
5
Let o = -1 + 1. Suppose o*b + 4 = 2*b. Let t(i) = -2 - i**2 + 0*i**b + 1. What is t(2)?
-5
Suppose 30 = 20*g - 25*g. Let a(p) = p - 1. Let w(t) = 6*t + 5. Let d(n) = -4*a(n) + w(n). What is d(g)?
-3
Let w be -6 - -8 - (0 + -1). Suppose 0*s - d = -4*s + 6, -5*s - d = -12. Let o(t) = 0 - 4 + 0*t**s + t**2 - 2*t. What is o(w)?
-1
Let m(w) = -w**2 - w. Let u be -3 - (4/6*6 + -4). Give m(u).
-6
Let a(s) be the first derivative of 1/3*s**3 + 1/4*s**4 + 3 + 2*s + 0*s**2. Calculate a(0).
2
Let w(r) = -3*r**2 + 8*r - 4. Let m(t) = -t**2 + t - 1. Let l be 100/28 + 6/14. Let v(x) = l*m(x) - w(x). Determine v(-5).
-5
Let t(s) = 6*s**3 + 8*s**2 - s - 13. Let w(k) = k**3 - 1. Let n(c) = -t(c) + 5*w(c). What is n(-8)?
0
Suppose -15 = -5*t + 4*o, -o = 3*o. Let z(w) = -6*w + 3 - t. Calculate z(-1).
6
Let r(i) = 3 + 5*i**2 - 10*i**3 + i + 9*i**3 - 5*i. Calculate r(3).
9
Let g(z) be the first derivative of z**2/2 + 4*z - 14. What is g(-4)?
0
Let b = 2 - -3. Let c(k) = -9*k**3 + 12*k**2 - k + 2. Let n(s) = 5*s**3 - 6*s**2 - 1. Let l = 24 - 20. Let g(q) = l*c(q) + 7*n(q). Give g(b).
6
Let r(q